sor of 14 and c.
14
Let g be (-6)/(90/5)*(-10 + -5). Suppose 4*z + 4*t = 56, -g*z + 9*t - 4*t + 120 = 0. What is the greatest common factor of 171 and z?
19
Let n be ((-156)/60)/((-2)/50). Suppose -n = z - 6*z. Suppose -42*p + 819 = -33*p. What is the greatest common divisor of p and z?
13
Let g be 5 - (-2 - -7) - -5. Suppose 2*q - 216 = 2*b, -27 = -g*q - 4*b + 513. Let i be (q/21)/(6/28). What is the greatest common factor of 144 and i?
24
Suppose -4*v - 5*u = -117 - 198, 2*v - 162 = 2*u. Let q = 597 - -123. What is the greatest common divisor of q and v?
80
Suppose 1168 = -5*o + 6*o. Suppose o = -8*n - 0*n. Let b be n/(-30) - 2/(-15). What is the greatest common factor of b and 5?
5
Let q(u) = u**2 + 262*u + 2044. Let n be q(-8). What is the highest common factor of n and 28284?
12
Let k(c) = 22*c - 355. Let n be k(17). Let v be ((-10)/(-2) - (n + 8))*-2. Calculate the highest common divisor of v and 253.
11
Let c be -3*(-33)/(-27)*-3. Suppose -7*d = -c*d + 256. Calculate the greatest common factor of d and 8.
8
Suppose -5*c - 10*t - 22 = -8*t, -21 = 5*c + t. Let b be 1 + (2 - (c + 4)). Calculate the greatest common factor of b and 10.
1
Suppose 0 = 47*w + 2182 - 2885 - 10013. Calculate the highest common divisor of 84 and w.
12
Let m be (-2 - 19)/(469/(-77) - -6). What is the greatest common divisor of 525 and m?
21
Let q = 7 + -4. Let j(h) = 21*h**2 - 3*h - 50*h**2 - 3 + 32*h**2. Let p be j(q). Calculate the greatest common factor of p and 5.
5
Let m be (1302/(-5))/(204/(-15) - -13). Suppose -20 = -3*z + 7*z, 211 = 3*s - 5*z. Calculate the highest common factor of m and s.
62
Let c(o) = 5*o**2 - 412*o + 5502. Let i be c(14). Let g = -46 + 130. Calculate the greatest common factor of i and g.
42
Suppose 3 = 5*w - 4*w. Let p(m) = m**3 + 15*m**2 + 11*m - 30. Let v be p(-14). Let o be (w*14)/(v/8). Calculate the highest common divisor of 42 and o.
14
Let n(k) = -k**3 - 10*k**2 - 5*k - 2. Suppose -4*h + 9*h + 40 = 0. Let t be n(h). Let a be (-4)/10 - 9036/t. Calculate the highest common divisor of a and 40.
20
Let z(b) = -b**3 + 33*b**2 - 84*b - 112. Let c be z(30). Calculate the greatest common divisor of 459 and c.
17
Let o be 230/(-46) + (30/(-1))/(-3). Let s(i) = -i**3 + 5*i**2 - i + 26. Let z be s(o). What is the greatest common divisor of z and 154?
7
Let k = -940 + 932. Let s be (-9 - 1)/(-2) + (-1640)/k. What is the greatest common divisor of 120 and s?
30
Let l be 2/(-2) - 1282*(-11)/22. Suppose w = -i + 628, -3*i + 4*i - 5*w = l. Calculate the greatest common divisor of 21 and i.
21
Let w(n) = 73*n - 1292. Let p be w(19). Calculate the highest common factor of p and 1216.
19
Let t be (311049/34)/(-19)*-4. What is the highest common divisor of t and 108?
18
Suppose 113*z - 307658 = -108*z + 176774. Calculate the highest common divisor of z and 80.
16
Suppose -52*c + 267721 + 144171 = 0. Calculate the greatest common factor of c and 178.
89
Let g(b) = -b**3 + 16*b**2 - 29*b + 234. Let j be g(15). Calculate the greatest common divisor of j and 9780.
12
Let i = 4 + 196. Suppose 0 = 2*w + 3*j - 22, 2*j = w + 6*j - 21. What is the greatest common factor of w and i?
5
Let r(t) = -4*t**3 - 2*t**2 + 4*t + 2. Let b be r(-3). Suppose -50 = -10*i + b. Calculate the greatest common divisor of 13 and i.
13
Let t = 15 + -14. Let n be 1*(2 - -1 - t). Suppose 3 + 75 = n*p - 2*d, -4*d + 138 = 3*p. Calculate the highest common divisor of 378 and p.
42
Suppose 116 = 2*u - 5*c, 78*u - 138 = 75*u + 3*c. What is the greatest common divisor of 23446 and u?
38
Suppose 13*f = 6940 - 1194. Let t = 130 + f. What is the greatest common factor of t and 26?
26
Suppose 0 = 4*t - 5*l - 19, t = 6*t + 4*l - 34. Let n be (-1)/(-1) + (65 + -1 - t). Let p = -52 + n. What is the greatest common divisor of 7 and p?
7
Let j = -18768 - -18966. What is the greatest common factor of j and 13563?
99
Let d be (-152)/(-3) + 4/(-6). Suppose 3039*h = 3032*h + 154. Suppose 61*m - h*m - 975 = 0. Calculate the highest common divisor of m and d.
25
Let g be (330/20 + 6)*(-4)/(-6). Suppose 0 = 2*r - 2*b - 8, -5*b + 0 + g = 0. What is the greatest common divisor of 7 and r?
7
Suppose 0 = 3*y + 4*a - 11778, 3*a + 512 = -4*y + 16209. Calculate the highest common divisor of 222 and y.
74
Let o(a) = 42*a - 162. Suppose -5*t = 3*l - 29, -30*t + 26*t = 8. Let z be o(l). Calculate the highest common factor of 24 and z.
24
Suppose -40*h - 3195 = -55*h. What is the highest common factor of h and 5609?
71
Let x(v) be the first derivative of 5/2*v**2 - 10 - 5*v. Let k be x(5). What is the greatest common factor of k and 180?
20
Suppose 3761*g + 59724 = 3770*g. What is the highest common factor of g and 79?
79
Suppose 0 = -3*o + 2*o + 306. Suppose 4*f - 2*f - 52 = 4*r, -3*r - 66 = -3*f. Calculate the highest common divisor of f and o.
18
Let o = -2741 + 3378. Calculate the greatest common factor of 13 and o.
13
Let z = 26391 - 25933. What is the highest common factor of z and 8?
2
Suppose 0 = -3*l - 2 - 4. Let m be (1 + l)/(-1) + (-486)/(-3). Suppose -m - 57 = -5*c. Calculate the highest common factor of c and 220.
44
Suppose 3*l = -35*q + 37*q + 2, l - 3*q + 4 = 0. What is the highest common divisor of 58 and l?
2
Let m be -1*(-180 + (-3 - -6 - 6)). Calculate the highest common divisor of 1220 and m.
61
Let g = 11734 - 11288. Calculate the greatest common factor of 22 and g.
2
Let h be (-5)/35 - 1210/154. Let x be 837/7 + h/14. What is the greatest common divisor of x and 68?
17
Suppose 0 = 2*b + 6 - 14. Suppose 9*k + b = 31. Suppose 0*o - k*o = -18. Calculate the highest common factor of o and 12.
6
Let s = 8623 + -6479. Calculate the greatest common divisor of s and 201.
67
Suppose 4*k - 4*a = -0*k + 40, -5*k = a - 44. Let m = 283 + -282. What is the greatest common factor of m and k?
1
Suppose 2*f - 146 = 2*y, 5*f + 477*y - 338 = 479*y. Let z(c) = c + 40. Let i be z(0). What is the highest common divisor of i and f?
8
Let y(d) = -d**3 + d**2 - 11*d + 15. Let w be y(0). Calculate the highest common factor of 162 and w.
3
Let x be (221/26 - 8) + (-957)/(-6). Suppose 0 = -200*u + 195*u + 640. What is the highest common divisor of u and x?
32
Suppose 3*x - 2*k = 252, 8 = -x + 5*k + 66. Calculate the greatest common factor of x and 208.
8
Let p = 19933 + -19906. Suppose 252 = 2*f - 0*f. What is the greatest common divisor of f and p?
9
Suppose 2*w + 32 = t, -2*t - 3*t = 4*w + 50. Let n be 190/w*(-2 - 1). What is the greatest common factor of n and 304?
38
Let p(u) = u**2 - 25*u - 18. Let o be p(27). What is the highest common divisor of 772 and o?
4
Suppose -4*m + 2*m + 19896 = 4*w, -2*m + 19887 = w. What is the highest common factor of 6 and m?
6
Suppose -3*m = -5*h - 2929, 5*h + 1959 = 2*m + 8*h. What is the greatest common divisor of 6 and m?
6
Let u be (18/12)/(9/(-312))*-1. Calculate the highest common factor of u and 221.
13
Let h = -28099 + 50894. What is the greatest common divisor of h and 235?
235
Let x = -53 - -83. Suppose 39 = -8*v + 10*v + 5*y, -5*v + 69 = 3*y. Calculate the greatest common factor of x and v.
6
Let k be (-42 - 16)*(-75)/10 + 2. Calculate the greatest common factor of k and 46.
23
Suppose 33*b - 22 = 32*b. Suppose -2*l + 11*a - 18 = 6*a, -2*l - 5*a = -b. What is the greatest common factor of 67 and l?
1
Let o be 12*(-440)/(-66) - (1 - 9). Let c(r) = -r**3 + 6*r**2 + 4*r + 20. Let u be c(6). Calculate the greatest common factor of o and u.
44
Let p(i) = -9*i + 39. Let h be p(3). Suppose h = r - 88. What is the greatest common divisor of 80 and r?
20
Let y(h) = -h**3 - 2*h**2 - 2*h - 3. Let r be y(-2). Let s be 75/(-65)*234/(-30). What is the highest common factor of s and r?
1
Let s be (-20 - -16)/(32/(-40)). What is the greatest common divisor of s and 1055?
5
Suppose 0 = 5*z - 9 - 6, -3*r + 2*z = -3. Suppose r*j - 18 = 2*j. Calculate the greatest common divisor of j and 162.
18
Suppose 4*w - 2608 = 4*r, -4*r - 3259 = 12*w - 17*w. Suppose -6*p + 669 = -w. What is the greatest common divisor of 11 and p?
11
Suppose 3*g + 7*q = 1619 + 441, -690 = -g - 3*q. Calculate the greatest common factor of 275 and g.
25
Let z(n) = 987*n**2 + 57*n + 58. Let o be z(-1). Calculate the highest common factor of o and 754.
26
Suppose -167*g + 45 = -323*g + 171*g. Calculate the highest c